{"id":292,"date":"2018-07-09T10:01:33","date_gmt":"2018-07-09T10:01:33","guid":{"rendered":"http:\/\/meyer-muenster.com\/?page_id=292"},"modified":"2018-08-02T16:49:17","modified_gmt":"2018-08-02T16:49:17","slug":"betriebsausstattung","status":"publish","type":"page","link":"https:\/\/www.mmi-tools.com\/index.php\/service\/betriebsausstattung\/","title":{"rendered":"6. Betriebsausstattung"},"content":{"rendered":"<div  class='avia-slideshow av-433rhe-fed9c0ac78fd96021adef62d408f1ae0 avia-slideshow-entry_with_sidebar av_slideshow avia-fade-slider  avia-builder-el-0  el_before_av_one_full  avia-builder-el-first  av-slideshow-ui av-control-hidden av-no-slider-navigation av-hide-nav-arrows av-slideshow-autoplay av-loop-endless av-loop-manual-endless av-default-height-applied avia-slideshow-1' data-slideshow-options=\"{&quot;animation&quot;:&quot;fade&quot;,&quot;autoplay&quot;:true,&quot;loop_autoplay&quot;:&quot;endless&quot;,&quot;interval&quot;:5,&quot;loop_manual&quot;:&quot;manual-endless&quot;,&quot;autoplay_stopper&quot;:false,&quot;noNavigation&quot;:true,&quot;bg_slider&quot;:false,&quot;keep_padding&quot;:false,&quot;hoverpause&quot;:false,&quot;show_slide_delay&quot;:0}\"  itemprop=\"image\" itemscope=\"itemscope\" itemtype=\"https:\/\/schema.org\/ImageObject\" ><ul class='avia-slideshow-inner ' style='padding-bottom: 37.988165680473%;'><li  class='avia-slideshow-slide av-433rhe-fed9c0ac78fd96021adef62d408f1ae0__0  av-single-slide slide-1 slide-odd'><div data-rel='slideshow-1' class='avia-slide-wrap '   ><img decoding=\"async\" class=\"wp-image-668 avia-img-lazy-loading-not-668\"  src=\"https:\/\/www.mmi-tools.com\/wp-content\/uploads\/2018\/07\/maxmobile1-960x428-1-845x321.png\" width=\"845\" height=\"321\" title='maxmobile1-960x428' alt=''  itemprop=\"thumbnailUrl\"   \/><\/div><\/li><\/ul><\/div>\n\n<style type=\"text\/css\" data-created_by=\"avia_inline_auto\" id=\"style-css-av-3bycr6-8af6045a3246a1c264da623411fb43d8\">\n#top .flex_column.av-3bycr6-8af6045a3246a1c264da623411fb43d8{\nmargin-top:0px;\nmargin-bottom:0px;\n}\n.flex_column.av-3bycr6-8af6045a3246a1c264da623411fb43d8{\n-webkit-border-radius:0px 0px 0px 0px;\n-moz-border-radius:0px 0px 0px 0px;\nborder-radius:0px 0px 0px 0px;\npadding:0px 0px 0px 0px;\n}\n.responsive #top #wrap_all .flex_column.av-3bycr6-8af6045a3246a1c264da623411fb43d8{\nmargin-top:0px;\nmargin-bottom:0px;\n}\n<\/style>\n<div class='flex_column av-3bycr6-8af6045a3246a1c264da623411fb43d8 av_one_full  avia-builder-el-1  el_after_av_slideshow  el_before_av_one_half  first flex_column_div av-animated-generic bottom-to-top av-zero-column-padding '     ><p>\n<style type=\"text\/css\" data-created_by=\"avia_inline_auto\" id=\"style-css-av-8zv6c-cd5ca3e245b619fa21b2cead6df36a0c\">\n#top .av-special-heading.av-8zv6c-cd5ca3e245b619fa21b2cead6df36a0c{\npadding-bottom:0;\n}\nbody .av-special-heading.av-8zv6c-cd5ca3e245b619fa21b2cead6df36a0c .av-special-heading-tag .heading-char{\nfont-size:25px;\n}\n.av-special-heading.av-8zv6c-cd5ca3e245b619fa21b2cead6df36a0c .av-subheading{\nfont-size:15px;\n}\n<\/style>\n<div  class='av-special-heading av-8zv6c-cd5ca3e245b619fa21b2cead6df36a0c av-special-heading-h2 blockquote modern-quote  avia-builder-el-2  el_before_av_hr  avia-builder-el-first '><h2 class='av-special-heading-tag'  itemprop=\"headline\"  >Betriebsausstattung<\/h2><div class=\"special-heading-border\"><div class=\"special-heading-inner-border\"><\/div><\/div><\/div><br \/>\n\n<style type=\"text\/css\" data-created_by=\"avia_inline_auto\" id=\"style-css-av-33w582-6627d92b4e7c7db5287df9244dfb2ef3\">\n#top .hr.av-33w582-6627d92b4e7c7db5287df9244dfb2ef3{\nmargin-top:10px;\nmargin-bottom:10px;\n}\n.hr.av-33w582-6627d92b4e7c7db5287df9244dfb2ef3 .hr-inner{\nwidth:50px;\nborder-color:#f20028;\n}\n<\/style>\n<div  class='hr av-33w582-6627d92b4e7c7db5287df9244dfb2ef3 hr-custom  avia-builder-el-3  el_after_av_heading  avia-builder-el-last  hr-left hr-icon-no'><span class='hr-inner inner-border-av-border-fat'><span class=\"hr-inner-style\"><\/span><\/span><\/div><\/p><\/div>\n\n<style type=\"text\/css\" data-created_by=\"avia_inline_auto\" id=\"style-css-av-2vez42-7216cdcf053d64362fe370cd83237b3d\">\n#top .flex_column.av-2vez42-7216cdcf053d64362fe370cd83237b3d{\nmargin-top:0px;\nmargin-bottom:0px;\n}\n.flex_column.av-2vez42-7216cdcf053d64362fe370cd83237b3d{\n-webkit-border-radius:0px 0px 0px 0px;\n-moz-border-radius:0px 0px 0px 0px;\nborder-radius:0px 0px 0px 0px;\npadding:0px 0px 0px 0px;\n}\n.responsive #top #wrap_all .flex_column.av-2vez42-7216cdcf053d64362fe370cd83237b3d{\nmargin-top:0px;\nmargin-bottom:0px;\n}\n<\/style>\n<div class='flex_column av-2vez42-7216cdcf053d64362fe370cd83237b3d av_one_half  avia-builder-el-4  el_after_av_one_full  el_before_av_one_half  first flex_column_div av-animated-generic bottom-to-top av-zero-column-padding column-top-margin'     ><section  class='av_textblock_section av-2put3e-adf1208b5f113f3e94770251f7412e0d'  itemscope=\"itemscope\" itemtype=\"https:\/\/schema.org\/CreativeWork\" ><div class='avia_textblock'  itemprop=\"text\" ><p>Neben den Bereichen Schubladenschr\u00e4nke und Werkb\u00e4nke sowie Mobile Logistik-Systeme in verschiedenen Ausf\u00fchrungen, fertigt <strong>Bedrunka+Hirth<\/strong> ergonomische Arbeitsplatzsysteme mit einer Vielzahl an Komponenten.<\/p>\n<\/div><\/section><\/div>\n\n<style type=\"text\/css\" data-created_by=\"avia_inline_auto\" id=\"style-css-av-2kfkjm-d7098cf21b1e6aef917dea94d9d40836\">\n#top .flex_column.av-2kfkjm-d7098cf21b1e6aef917dea94d9d40836{\nmargin-top:0px;\nmargin-bottom:0px;\n}\n.flex_column.av-2kfkjm-d7098cf21b1e6aef917dea94d9d40836{\n-webkit-border-radius:0px 0px 0px 0px;\n-moz-border-radius:0px 0px 0px 0px;\nborder-radius:0px 0px 0px 0px;\npadding:0px 0px 0px 0px;\n}\n.responsive #top #wrap_all .flex_column.av-2kfkjm-d7098cf21b1e6aef917dea94d9d40836{\nmargin-top:0px;\nmargin-bottom:0px;\n}\n<\/style>\n<div class='flex_column av-2kfkjm-d7098cf21b1e6aef917dea94d9d40836 av_one_half  avia-builder-el-6  el_after_av_one_half  el_before_av_one_half  flex_column_div av-animated-generic bottom-to-top av-zero-column-padding column-top-margin'     ><section  class='av_textblock_section av-2f3vb6-b293b5b1f73cc7f345945542cc9cda5b'  itemscope=\"itemscope\" itemtype=\"https:\/\/schema.org\/CreativeWork\" ><div class='avia_textblock'  itemprop=\"text\" ><p>Die Grunds\u00e4tze Ordnung, Sicherheit und Ergonomie sind ma\u00dfgeblich in die Entwicklung dieser Arbeitspl\u00e4tze eingeflossen und sorgen f\u00fcr Materialfluss und f\u00fcr die Entlastung der Mitarbeiter.<\/p>\n<\/div><\/section><\/div>\n\n<style type=\"text\/css\" data-created_by=\"avia_inline_auto\" id=\"style-css-av-1fgdai-6650bff9f87e2f3902625f79b82a67da\">\n.flex_column.av-1fgdai-6650bff9f87e2f3902625f79b82a67da{\n-webkit-border-radius:0px 0px 0px 0px;\n-moz-border-radius:0px 0px 0px 0px;\nborder-radius:0px 0px 0px 0px;\npadding:0px 0px 0px 0px;\n}\n<\/style>\n<div class='flex_column av-1fgdai-6650bff9f87e2f3902625f79b82a67da av_one_half  avia-builder-el-8  el_after_av_one_half  el_before_av_one_half  first flex_column_div av-animated-generic bottom-to-top av-zero-column-padding column-top-margin'     ><p><br \/>\n<section  class='av_textblock_section av-yqosq-9598a11bbf83dead3131a0d0b21639cd'  itemscope=\"itemscope\" itemtype=\"https:\/\/schema.org\/CreativeWork\" ><div class='avia_textblock'  itemprop=\"text\" ><p>Ganz neu und durch das europ\u00e4ische Patentamt gesch\u00fctzt sind die elektronischen Schubladenschr\u00e4nke \u201eToolServer Modular\u201c TSM und \u201eToolServer System\u201c TSS \u2013 mit kompletter Lagerverwaltung. Dieses System mit Hochschr\u00e4nken und normalen Werkzeugschr\u00e4nken ist \u00fcberall dort einsetzbar, wo eine Zugriffskontrolle n\u00f6tig ist.<\/p>\n<p>Jede Schublade und selbst jede Unterteilung mit Klappe wird elektromagnetisch verriegelt, ist rund um die Uhr betriebsbereit und enth\u00e4lt ein elektronisches Lager- und Bestellwesen.<\/p>\n<\/div><\/section><br \/>\n<div  class='avia-button-wrap av-jkcsoyl0-d2dcc92ba14c088b0dcd5e78aa33209c-wrap avia-button-center  avia-builder-el-11  el_after_av_textblock  avia-builder-el-last '><a href='http:\/\/www.bedrunka-hirth.de' class='avia-button av-jkcsoyl0-d2dcc92ba14c088b0dcd5e78aa33209c avia-icon_select-no avia-size-small avia-position-center avia-color-theme-color' target=\"_blank\" rel=\"noopener noreferrer\"><span class='avia_iconbox_title' >Bedrunka &amp; Hirth<\/span><\/a><\/div><\/p><\/div>\n<style type=\"text\/css\" data-created_by=\"avia_inline_auto\" id=\"style-css-av-s3t9e-f515ca559098dc0967c0560f9107f77c\">\n.flex_column.av-s3t9e-f515ca559098dc0967c0560f9107f77c{\n-webkit-border-radius:0px 0px 0px 0px;\n-moz-border-radius:0px 0px 0px 0px;\nborder-radius:0px 0px 0px 0px;\npadding:0px 0px 0px 0px;\n}\n<\/style>\n<div class='flex_column av-s3t9e-f515ca559098dc0967c0560f9107f77c av_one_half  avia-builder-el-12  el_after_av_one_half  el_before_av_one_full  flex_column_div av-animated-generic bottom-to-top av-zero-column-padding column-top-margin'     ><style type=\"text\/css\" data-created_by=\"avia_inline_auto\" id=\"style-css-av-lltne-0c1e93aa306276d8e6b4c4b84bd810a9\">\n.avia-image-container.av-lltne-0c1e93aa306276d8e6b4c4b84bd810a9 img.avia_image{\nbox-shadow:none;\n}\n.avia-image-container.av-lltne-0c1e93aa306276d8e6b4c4b84bd810a9 .av-image-caption-overlay-center{\ncolor:#ffffff;\n}\n<\/style>\n<div  class='avia-image-container av-lltne-0c1e93aa306276d8e6b4c4b84bd810a9 av-styling-no-styling avia-align-center  avia-builder-el-13  avia-builder-el-no-sibling '   itemprop=\"image\" itemscope=\"itemscope\" itemtype=\"https:\/\/schema.org\/ImageObject\" ><div class=\"avia-image-container-inner\"><div class=\"avia-image-overlay-wrap\"><img decoding=\"async\" class='wp-image-671 avia-img-lazy-loading-not-671 avia_image ' src=\"https:\/\/www.mmi-tools.com\/wp-content\/uploads\/2018\/07\/b-h-schubladenschrank-t736-01-web-300x205.jpg\" alt='' title='b-h-schubladenschrank-t736-01-web'  height=\"205\" width=\"300\"  itemprop=\"thumbnailUrl\" srcset=\"https:\/\/www.mmi-tools.com\/wp-content\/uploads\/2018\/07\/b-h-schubladenschrank-t736-01-web-300x205.jpg 300w, https:\/\/www.mmi-tools.com\/wp-content\/uploads\/2018\/07\/b-h-schubladenschrank-t736-01-web-450x308.jpg 450w, https:\/\/www.mmi-tools.com\/wp-content\/uploads\/2018\/07\/b-h-schubladenschrank-t736-01-web.jpg 626w\" sizes=\"(max-width: 300px) 100vw, 300px\" \/><\/div><\/div><\/div><\/div><\/p>\n\n<style type=\"text\/css\" data-created_by=\"avia_inline_auto\" id=\"style-css-av-fvkhu-526308e6713fd102ff2f6d99fdc5c63d\">\n.flex_column.av-fvkhu-526308e6713fd102ff2f6d99fdc5c63d{\n-webkit-border-radius:0px 0px 0px 0px;\n-moz-border-radius:0px 0px 0px 0px;\nborder-radius:0px 0px 0px 0px;\npadding:20px 20px 20px 20px;\nbackground-color:#fcfcfc;\n}\n<\/style>\n<div class='flex_column av-fvkhu-526308e6713fd102ff2f6d99fdc5c63d av_one_full  avia-builder-el-14  el_after_av_one_half  avia-builder-el-last  first flex_column_div av-animated-generic bottom-to-top column-top-margin'     ><\/div>\n","protected":false},"excerpt":{"rendered":"","protected":false},"author":1,"featured_media":0,"parent":246,"menu_order":0,"comment_status":"closed","ping_status":"closed","template":"","meta":{"footnotes":""},"class_list":["post-292","page","type-page","status-publish","hentry"],"_links":{"self":[{"href":"https:\/\/www.mmi-tools.com\/index.php\/wp-json\/wp\/v2\/pages\/292","targetHints":{"allow":["GET"]}}],"collection":[{"href":"https:\/\/www.mmi-tools.com\/index.php\/wp-json\/wp\/v2\/pages"}],"about":[{"href":"https:\/\/www.mmi-tools.com\/index.php\/wp-json\/wp\/v2\/types\/page"}],"author":[{"embeddable":true,"href":"https:\/\/www.mmi-tools.com\/index.php\/wp-json\/wp\/v2\/users\/1"}],"replies":[{"embeddable":true,"href":"https:\/\/www.mmi-tools.com\/index.php\/wp-json\/wp\/v2\/comments?post=292"}],"version-history":[{"count":12,"href":"https:\/\/www.mmi-tools.com\/index.php\/wp-json\/wp\/v2\/pages\/292\/revisions"}],"predecessor-version":[{"id":684,"href":"https:\/\/www.mmi-tools.com\/index.php\/wp-json\/wp\/v2\/pages\/292\/revisions\/684"}],"up":[{"embeddable":true,"href":"https:\/\/www.mmi-tools.com\/index.php\/wp-json\/wp\/v2\/pages\/246"}],"wp:attachment":[{"href":"https:\/\/www.mmi-tools.com\/index.php\/wp-json\/wp\/v2\/media?parent=292"}],"curies":[{"name":"wp","href":"https:\/\/api.w.org\/{rel}","templated":true}]}}